 common divisor of y and d.
34
Let q = 13 + 242. Let v = -235 + q. What is the highest common factor of 15 and v?
5
Let c be 4556/32 + 63/(-168). What is the greatest common divisor of c and 213?
71
Suppose -272 = -46*t + 4. Suppose -5*h + 15 = -0*h. Suppose 2*m + 0*z = -4*z + 66, -h*z - t = 0. What is the highest common factor of 259 and m?
37
Let u = -28495 - -29327. Calculate the highest common divisor of 468 and u.
52
Let o be (24/(-32))/((-5)/(-20)). Let a be -2 + o - (-15 - 0). Calculate the greatest common divisor of a and 10.
10
Let z = -8978 + 16293. What is the greatest common factor of z and 35?
35
Let q(k) = -17*k**3 + k**2 + 2*k. Let y be q(-1). Let o be 271 + (-3 - 4/(-1)). What is the highest common factor of o and y?
16
Let l = 336 + -315. Let a(z) = z**3 - 6*z**2 - 6*z. Let k be ((-28)/(-8))/((-1)/(-2)). Let u be a(k). Calculate the highest common factor of l and u.
7
Suppose -4*z - 4022 - 1350 = -8*z. Calculate the highest common factor of 1580 and z.
79
Let z = -32906 - -32938. Calculate the highest common factor of z and 184.
8
Let j(v) = 2*v**3 - v**2 - 7*v + 12. Let z be j(2). Let i(c) = -3*c**3 + 31*c**2 - 7*c - 16. Let u be i(z). Calculate the highest common divisor of 154 and u.
14
Let u(g) = -1 - 3*g + 2*g + 4*g - g**2 - 7*g. Let x be u(-3). Suppose -70 = -8*r - x*r. What is the greatest common factor of 42 and r?
7
Let i(o) = 35*o + 183. Suppose -2*l = 21*l + 115. Let h be i(l). What is the highest common divisor of h and 448?
8
Suppose 11*a = 6*a + 3*o + 939, -5*a + 935 = -5*o. What is the highest common factor of a and 621?
27
Let x(w) = 1178*w + 133699. Let j be x(-112). Let q be (-242)/(-6) - (-2)/3. Calculate the greatest common divisor of q and j.
41
Let b = -5212 + 9116. What is the greatest common factor of 8 and b?
8
Suppose 194*d - 3709417 = -906893. What is the highest common factor of d and 248?
62
Let o(p) = -p**3 - 40*p**2 + 117*p - 82. Let s be o(-43). What is the highest common factor of s and 42?
14
Suppose -b - 4*m = -120, 4*b = -13*m + 12*m + 555. What is the greatest common divisor of b and 60?
20
Suppose -347946 = -98*g + 284300 - 96382. Calculate the greatest common divisor of g and 4.
4
Suppose -4*b + 8 = 0, -2*b - 62 = 8*c - 10*c. What is the greatest common divisor of 39 and c?
3
Let n be ((-144)/(-45))/(1/40). Let w be 30/(-60) - (-33)/2. What is the greatest common factor of w and n?
16
Let f = 5745 + -5481. What is the highest common factor of f and 2442?
66
Suppose -126*h + 121*h = 4*d - 79, 5*d + 25 = 2*h. What is the greatest common factor of 87 and h?
3
Let p(i) = 3*i + 21. Let f be p(9). Let l be (((-48)/1)/1)/(27/(-18)). What is the highest common factor of f and l?
16
Suppose -3783*l + 5*j + 39 = -3781*l, -120 = -4*l + 4*j. Calculate the highest common divisor of 54797 and l.
37
Let q = -4 + 17. Let k = -53 + 57. Let j be 2*(53 - 2) + (k - 2). Calculate the greatest common factor of j and q.
13
Let m(n) = 16*n**2 - 3*n - 5. Let z be m(-3). Calculate the greatest common factor of z and 1850.
74
Suppose 31*u = 36*u + 40. Let f be (18/u)/(1/(-16))*1. What is the greatest common factor of 45 and f?
9
Let x(i) = 2*i**2 - 51*i + 233. Let j be x(25). Calculate the greatest common factor of j and 299.
13
Suppose 3*a + 28 = -3*d + 166, -163 = -4*a + 3*d. What is the greatest common factor of 559 and a?
43
Let z be (-10)/7*1000454/(-1195). What is the highest common divisor of z and 1924?
52
Let j = 2410 + -2351. What is the greatest common factor of j and 1711?
59
Let k be 6398/((110/(-44))/(10/(-8))). What is the highest common divisor of k and 7?
7
Let l be ((-19)/(-3))/(2/(-282)). Let x = l + 958. What is the greatest common divisor of x and 39?
13
Suppose 0 = 4*o + 6*o - 4160. Calculate the highest common factor of 96 and o.
32
Let y be 323 + -12 + (-11)/(66/24)*-1. Let u(j) = 64*j**2 + 2*j + 1. Let x be u(-1). Calculate the greatest common factor of y and x.
63
Let z(l) = 2*l**2 + l + 7. Let t be z(-9). Let b = -3182 - -3212. Calculate the highest common factor of t and b.
10
Let p(s) = 36*s**3 + s**2 + 5. Let a(y) = -y - 1. Let n be a(-9). Let f = n - 6. Let o be p(f). Calculate the highest common factor of o and 27.
27
Let z = 3907 - 3262. What is the highest common divisor of z and 30?
15
Let i = -35635 - -37040. What is the greatest common factor of 2 and i?
1
Suppose -179*i - 2766 = -16191. What is the highest common divisor of 48 and i?
3
Suppose 14 - 4 = v. Suppose 253*d = -60*d. Let q be ((-3 - d) + v)*1. What is the greatest common divisor of q and 1?
1
Let p = 247 + -219. Suppose 0 = -2*h + 4. Suppose -h*c = 2*c - 16. Calculate the greatest common factor of c and p.
4
Let s be (4 - -59)*1/((-21)/(-72)). Let j be (-2 + 1)/((-2)/(-140)*5). Let u = j + 38. Calculate the highest common factor of u and s.
24
Let a = -38 - -44. Suppose 2*g = -s - 5, 0 = a*g - g + 25. Suppose -47 = -c + 5*v, -s*c + 71 = -2*c - v. What is the greatest common factor of 88 and c?
22
Let s be (-26865)/(-162) + (-15)/18. Calculate the highest common factor of s and 935.
55
Suppose 0 = 44*b - b - 50697. Suppose 1569 = 4*c + 3*k, -6*k - b = -3*c - 9*k. Calculate the greatest common divisor of c and 60.
30
Suppose 0 = 2*p - 211 + 6 - 145. What is the highest common divisor of 175 and p?
175
Let n(x) = 77*x**3 + x**2 - x + 1. Let t be n(1). Suppose 0 = -29*f - 325 + 3718. What is the highest common divisor of f and t?
39
Let j be 1*((-20)/5 + -6). Let p be (-20)/j - (-3)/1. Let o(n) = -2*n**2 - 11*n + 8. Let t be o(-6). Calculate the greatest common divisor of t and p.
1
Suppose -s + 945 = -385. What is the greatest common divisor of s and 42?
14
Suppose 5*v + a = -1649, -325 = 14*v - 13*v + 5*a. Let c = v - -408. Calculate the greatest common divisor of 26 and c.
26
Suppose -107*u + m = -104*u - 768, -u - 5*m + 288 = 0. Calculate the highest common factor of 1978 and u.
86
Suppose 9344 + 27486 = 127*j. Calculate the highest common divisor of 70 and j.
10
Let s(w) = w**3 + 22*w**2 + 59*w + 42. Let g be s(-19). Let h be -3 + 3 - (-102 - -1). Let d = -69 + h. Calculate the greatest common divisor of g and d.
4
Let l be (1 - 4)*(2 + 1). Let p be (1 - -1)/(l + 6)*-9. Suppose 0 = -5*v + 3*x + 684, -4*v + x + 525 = p*x. Calculate the greatest common divisor of v and 54.
27
Let i be 126/210 + 5284/10. Calculate the highest common factor of 46 and i.
23
Let d = 1137 + -222. Suppose 0 = -6*o + 255 + d. What is the greatest common divisor of 39 and o?
39
Suppose -144*u - 6144 = -208*u. Calculate the highest common divisor of u and 33.
3
Suppose -4*b - 184 = -4*l, 5*l = 4*b + 155 + 78. Let k(f) = 45*f + 412. Let i be k(5). What is the greatest common divisor of l and i?
49
Let i = -74 - -85. Suppose 5*w - 13 = q, i*w - 6*w - 25 = -5*q. Let r be (w + (-12)/8)*(1 - -11). What is the greatest common factor of 54 and r?
18
Suppose 4 = -5*z + 34. Suppose 10*x - 285 - 1915 = 0. Suppose 0 = -5*y + x - 40. Calculate the greatest common factor of y and z.
6
Let y be (2/(8/25))/(60/692640). Calculate the greatest common factor of y and 111.
111
Let h be ((-10)/15 + 1)*0. Suppose -2*g + h*g + 79 = u, u - 3 = 0. Let c = g - 0. Calculate the highest common divisor of c and 266.
38
Suppose -6 = -3*r + 3*w - 0, 2*w + 3 = r. Suppose 2*m - 5 = 4*k - r, 12 = -3*m - 3*k. Let v be (-44)/5*5/m. Calculate the greatest common divisor of v and 33.
11
Let p(q) = q**2 + 18*q - 34. Let u be p(10). Let m = u + 153. What is the greatest common factor of m and 21?
21
Let d = 1302 - 837. What is the greatest common factor of d and 62?
31
Suppose 14 = -4*q + 11*q. Suppose -2*d - 87 - 131 = 5*k, k = 3*d + 293. Let z = d - -113. Calculate the highest common factor of q and z.
2
Let q(x) = -36*x - 103. Let m be q(-3). Calculate the highest common divisor of 535 and m.
5
Let v = 24757 - 24677. What is the greatest common divisor of v and 2130?
10
Suppose 22*h + 6*h - 257754 = -6*h. Calculate the greatest common factor of h and 21.
21
Let m = -929 - -965. What is the greatest common divisor of 2460 and m?
12
Suppose 5*i + 303 - 2308 = 5*b, 12 = 3*b. Let h = -149906 + 149911. Calculate the greatest common divisor of h and i.
5
Let o = -429 - -541. Let x = 1184 + -776. Suppose -o*f - x = -115*f. What is the greatest common divisor of f and 17?
17
Let d(